le of 4?
False
Is 288405 a multiple of 585?
True
Does 8 divide 354614?
False
Is 79 a factor of 2227247?
True
Does 21 divide 21588?
True
Is 539634 a multiple of 1405?
False
Is 139 a factor of 724473?
False
Is 974 a factor of 668640?
False
Is 69565 a multiple of 62?
False
Does 28 divide 9082052?
True
Is 33765 a multiple of 34?
False
Is 10 a factor of 36040?
True
Is 28 a factor of 176988?
True
Is 228 a factor of 6016113?
False
Is 10 a factor of 1150737?
False
Is 3295587 a multiple of 84?
False
Does 496 divide 2073280?
True
Does 12 divide 1227720?
True
Does 35 divide 27979?
False
Is 4 a factor of 1791400?
True
Is 34375 a multiple of 125?
True
Is 9838077 a multiple of 425?
False
Does 3 divide 145250?
False
Is 38 a factor of 1580556?
False
Does 3 divide 8101?
False
Is 103203 a multiple of 14?
False
Is 1950889 a multiple of 15?
False
Is 11991959 a multiple of 93?
False
Is 621 a factor of 5018301?
True
Is 14424300 a multiple of 1410?
True
Does 13 divide 2817464?
True
Is 13 a factor of 1012167?
True
Is 14 a factor of 6539626?
False
Is 46 a factor of 68749?
False
Is 787449 a multiple of 40?
False
Is 612981 a multiple of 11?
False
Is 19110 a multiple of 42?
True
Is 397116 a multiple of 27?
True
Is 978864 a multiple of 77?
False
Does 120 divide 619851?
False
Does 108 divide 1683967?
False
Is 282 a factor of 305031?
False
Is 762716 a multiple of 355?
False
Does 383 divide 9458568?
True
Is 2017160 a multiple of 20?
True
Is 7 a factor of 68909?
False
Is 12198 a multiple of 9?
False
Is 37185 a multiple of 185?
True
Is 25 a factor of 4559100?
True
Is 2113491 a multiple of 1479?
True
Does 30 divide 375085?
False
Is 48 a factor of 536290?
False
Is 82276 a multiple of 614?
True
Does 17 divide 189241?
False
Does 6 divide 1725798?
True
Is 461406 a multiple of 4?
False
Does 20 divide 29611?
False
Is 954 a factor of 6912684?
True
Is 1047430 a multiple of 428?
False
Does 44 divide 543995?
False
Does 105 divide 180390?
True
Is 87723 a multiple of 19?
True
Is 721 a factor of 1077895?
True
Does 961 divide 3541242?
False
Is 6 a factor of 103884?
True
Does 3 divide 492031?
False
Is 162 a factor of 58320?
True
Does 279 divide 4047659?
False
Is 461 a factor of 2014109?
True
Is 3509334 a multiple of 701?
False
Does 16 divide 11135449?
False
Is 25 a factor of 159175?
True
Is 3 a factor of 161976?
True
Is 325515 a multiple of 782?
False
Is 411 a factor of 365677?
False
Is 14 a factor of 125484?
False
Is 1859709 a multiple of 96?
False
Is 119224 a multiple of 14?
True
Is 80 a factor of 16712320?
True
Is 95 a factor of 24055?
False
Does 2 divide 60775?
False
Is 62140 a multiple of 449?
False
Does 59 divide 1037987?
True
Is 46 a factor of 2631396?
False
Is 9146648 a multiple of 424?
False
Does 34 divide 25039?
False
Does 175 divide 172145?
False
Is 424799 a multiple of 54?
False
Does 449 divide 2475927?
False
Is 87 a factor of 238307?
False
Does 73 divide 705934?
False
Is 3 a factor of 20964?
True
Is 468067 a multiple of 42?
False
Is 262399 a multiple of 7?
False
Does 101 divide 16053961?
False
Is 976476 a multiple of 22?
False
Does 10 divide 234890?
True
Does 40 divide 2082320?
True
Is 49 a factor of 15288?
True
Does 23 divide 2748891?
True
Does 9 divide 142566?
False
Does 111 divide 2981238?
True
Is 13 a factor of 6481026?
False
Is 29 a factor of 345457?
False
Is 6036325 a multiple of 6?
False
Does 541 divide 5157614?
False
Does 11 divide 2759393?
False
Is 12 a factor of 41196?
True
Does 3 divide 4431931?
False
Is 2465580 a multiple of 156?
True
Is 943 a factor of 998637?
True
Is 4 a factor of 96008?
True
Is 295 a factor of 12149466?
False
Does 11 divide 238333?
False
Does 223 divide 153612?
False
Does 30 divide 1811163?
False
Is 4082808 a multiple of 171?
False
Is 23724 a multiple of 9?
True
Does 16 divide 212642?
False
Is 122 a factor of 259616?
True
Is 604 a factor of 176793?
False
Is 496223 a multiple of 41?
True
Is 8 a factor of 52450?
False
Is 140 a factor of 649520?
False
Is 7580927 a multiple of 18?
False
Is 80 a factor of 14649872?
False
Does 2 divide 10457?
False
Is 98 a factor of 1929487?
False
Does 6 divide 2148049?
False
Is 14121 a multiple of 3?
True
Does 5 divide 199988?
False
Does 6 divide 240732?
True
Is 636750 a multiple of 750?
True
Is 67769 a multiple of 401?
True
Is 79742 a multiple of 9?
False
Is 249 a factor of 2891687?
False
Is 312428 a multiple of 14?
False
Is 33 a factor of 62997?
True
Is 1068029 a multiple of 140?
False
Does 46 divide 828782?
True
Is 189346 a multiple of 22?
False
Is 887 a factor of 5927309?
False
Is 165 a factor of 5110610?
False
Is 7 a factor of 347333?
True
Does 29 divide 7673936?
False
Is 428166 a multiple of 20?
False
Is 212828 a multiple of 227?
False
Does 639 divide 11713210?
False
Is 147 a factor of 54548?
False
Is 10 a factor of 5750161?
False
Does 233 divide 438141?
False
Does 15 divide 341989?
False
Does 64 divide 712192?
True
Is 38 a factor of 254195?
False
Does 13 divide 1036145?
False
Is 36 a factor of 1719576?
True
Does 327 divide 524835?
True
Does 419 divide 2830764?
True
Is 3438022 a multiple of 18?
False
Does 163 divide 2890863?
False
Does 861 divide 5941253?
False
Does 52 divide 4837286?
False
Does 29 divide 92647?
False
Is 12401838 a multiple of 575?
False
Is 2514951 a multiple of 309?
True
Is 876636 a multiple of 6?
True
Does 23 divide 2819117?
False
Is 221 a factor of 1139441?
False
Does 350 divide 6253?
False
Does 31 divide 775?
True
Does 429 divide 134706?
True
Is 5772416 a multiple of 22?
False
Is 699 a factor of 3251049?
True
Does 24 divide 3274400?
False
Does 29 divide 2876747?
False
Is 805 a factor of 2676337?
False
Is 459 a factor of 688500?
True
Is 5 a factor of 99190?
True
Is 46 a factor of 243507?
False
Is 52 a factor of 324064?
True
Does 56 divide 2094703?
False
Is 743399 a multiple of 47?
True
Is 1014552 a multiple of 308?
True
Is 4 a factor of 65880?
True
Is 3 a factor of 85526?
False
Is 21655585 a multiple of 205?
True
Is 916136 a multiple of 588?
False
Is 723384 a multiple of 459?
True
Does 149 divide 262091?
True
Is 1262 a factor of 4063921?
False
Is 127842 a multiple of 78?
True
Is 239787 a multiple of 27?
True
Does 87 divide 1378341?
True
Is 178 a factor of 1632972?
True
Is 3205035 a multiple of 27?
True
Does 96 divide 3937511?
False
Is 1070076 a multiple of 7?
True
Does 87 divide 5516461?
False
Does 61 divide 242048?
True
Is 129 a factor of 299667?
True
Is 316 a factor of 3342964?
True
Is 378391 a multiple of 32?
False
Does 443 divide 391055?
False
Is 1732896 a multiple of 97?
False
Is 5 a factor of 25894?
False
Is 591 a factor of 4132272?
True
Is 57 a factor of 3676997?
False
Is 15708353 a multiple of 234?
False
Is 309153 a multiple of 39?
True
Is 8443531 a multiple of 1017?
False
Is 195784 a multiple of 29?
False
Is 159036 a multiple of 4?
True
Is 2059178 a multiple of 169?
False
Is 45189 a multiple of 47?
False
Is 33818 a multiple of 5?
False
Is 89684 a multiple of 6?
False
Is 1129 a factor of 10240434?
False
Does 13 divide 395616?
True
Is 760 a factor of 916560?
True
Is 897070 a multiple of 823?
True
Does 108 divide 2689740?
True
Does 436 divide 1699092?
True
Does 15 divide 1147751?
False
Does 137 divide 85762?
True
Is 2567487 a multiple of 38?
False
Is 430851 even?
False
Does 14 divide 2448516?
True
Is 10 a factor of 769937?
False
Is 16 a factor of 6275447?
False
Is 181120 a multiple of 160?
True
Is 89 a factor of 43343?
True
Does 3 divide 35223?
True
Is 17438 a multiple of 19?
False
Is 53 a factor of 2388802?
False
Does 405 divide 681615?
True
Is 228973 a multiple of 181?
False
Is 912 a factor of 1751603?
False
Does 2 divide 308565?
False
Is 29 a factor of 4735584?
True
Is 236 a factor of 1800253?
False
Is 456355 a multiple of 107?
True
Does 15 divide 1524149?
False
Is 50 a factor of 289300?
True
Is 9 a factor of 5049945?
True
Does 376 divide 283867?
False
Is 739902 a multiple of 566?
False
Is 2434406 a multiple of 13?
True
Does 36 divide 1626480?
True
Is 26 a factor of 7581028?
True
Is 557676 a multiple of 63?
True
Is 51 a factor of 10350109?
False
Does 24 divide 325440?
True
Does 12 divide 26227?
False
Does 18 divide 228420?
True
Does 12 divide 2798496?
True
Is 90 a factor of 898978?
False
Is 7 a factor of 9146?
False
Does 2 divide 805297?
False
Does 16 divide 84352?
True
Does 212 d